b?
1
Let l(o) = -o**3 + 6*o**2 - 6*o + 5. Suppose 0 = 3*n - 13 - 2. Let w be l(n). Suppose w*g - 135 = -5*g + 5*i, -g + 2*i + 23 = 0. What is the tens digit of g?
3
Let p(d) = -d - 5. Let a be p(-9). What is the units digit of ((-131)/a + -2)*(-5 + 1)?
9
Let k(n) = 24*n**2 + 37*n - 12. What is the tens digit of k(-8)?
2
Let j(x) be the third derivative of 0*x - 2*x**3 + x**2 + 0 + 1/12*x**4. What is the units digit of j(10)?
8
Let t = 594 + 278. What is the tens digit of t?
7
Let h(s) = -s**3 + 6*s**2 + 13*s - 22. What is the units digit of h(7)?
0
Let l = 7062 - 2959. What is the tens digit of l?
0
Suppose -36*n = -51*n + 5970. What is the tens digit of n?
9
Let q(d) = -d - 9. Let v be q(-6). What is the units digit of 5*((-616)/(-20) + v)?
9
What is the thousands digit of -2319*((-51)/(-34))/(18/(-8))?
1
Let a be (3/(-4))/((-5)/40). Suppose 0 = -c + a*g - 2*g + 103, -6 = 3*g. What is the units digit of c?
5
Let p(j) = -j**3 + 5*j**2 - 2*j + 10. Let o be p(5). Let v(x) = x + 52. What is the units digit of v(o)?
2
Suppose q + 5*m = 849, -6*q - 4267 = -11*q - 3*m. What is the tens digit of q?
5
Let r = -14 - -10. Let v be ((-10)/(-4))/(-5)*r. Suppose -v*w + 10 = -56. What is the units digit of w?
3
What is the hundreds digit of ((-184)/(-322))/((-2)/(-7847))?
2
Let b = 8573 + -5068. What is the units digit of b?
5
Let a = 26 + -19. Let h = a - -29. What is the units digit of h?
6
Let a(k) = k + 72. Let h be a(0). Suppose 5*v + h = 3*l + v, -4*l = -3*v - 103. Suppose -5*x = -l - 37. What is the units digit of x?
3
Let y(w) = w**2 + 6*w - 6. Let z be y(-8). Suppose 6*g = -z + 82. What is the units digit of g?
2
Suppose -4*c + 17 = 2*q + 1, -16 = -2*c - 5*q. Let v(m) = 5*m - c*m + 2 - 6. What is the units digit of v(5)?
6
Suppose 76 = v + 4*d, -5*d = 3*v - 0*d - 263. Let t(g) = g**3 - g**2 - 3*g - 4. Let s be t(3). Suppose k + v = s*k. What is the tens digit of k?
2
Let b(v) = -2*v + 21. Let g be b(7). Let q(l) = l**2 - 7*l + 41. What is the tens digit of q(g)?
4
Let p(c) = 3*c - 4. Let b be p(3). Suppose 5*y + b = 25. Suppose -4*n = -y*l - n + 22, 5*l - n = 22. What is the units digit of l?
4
Let o = 1479 + -219. What is the units digit of o?
0
Let q be 4/(-6)*75/(-2). Suppose -23*g = -q*g + 2. What is the units digit of -2 + 6 + 14/g?
8
Let y(r) = r - 9. Let w be y(11). Suppose -22 = -3*s - 2*g - 2*g, 0 = s - 4*g - w. Suppose -o - 65 = -s*o. What is the units digit of o?
3
Let r(b) be the second derivative of -4*b**3/3 + 5*b**2 - 27*b. What is the hundreds digit of r(-26)?
2
Let i = -215 + 110. Let b = -1 - i. What is the hundreds digit of b?
1
Suppose -t - 7*z = -2*z, -2*t - 3*z - 21 = 0. What is the units digit of -1 + -33*55/t?
0
Suppose -127 = 5*c + 3*y - 2897, 2189 = 4*c - 3*y. Suppose -12*b + c + 1321 = 0. What is the units digit of b?
6
Let q be 200/35 + (-2)/(-7). What is the units digit of (q + (5 - 12))/((-1)/7)?
7
Let m(k) = k**3 + 5*k**2 + 2*k + 6. Let o be m(-4). Let p(a) = -a**3 + 15*a**2 - 16*a + 37. What is the units digit of p(o)?
9
Let b = 12 - 3. Let i be 6/b + (-686)/(-6). Suppose 4*t = 3*x - 0*x - i, 2*x = -3*t + 105. What is the units digit of x?
5
Suppose 112*c - 464 = 111*c. What is the units digit of c?
4
Suppose -5*u - 5*i - 655 = -0*i, 479 = -4*u + 5*i. Let z = u + 292. What is the hundreds digit of z?
1
Let b = 103 - -367. What is the hundreds digit of b?
4
Suppose 941 + 2461 = 3*j + 2*k, 0 = 4*k. What is the thousands digit of j?
1
Let b be 4 + -4 - 0 - 0. Suppose -3*o - 84 + 324 = b. What is the units digit of o?
0
Let t(r) = r + 15. Let i be t(-14). What is the tens digit of (-11 + 10)/(i + (-30)/29)?
2
Suppose 4*l - 60 = -4*q, -q + 2*l = 3*q - 60. Let t be ((-1)/(-3)*-1)/((-31)/(-1023)). Let i = q + t. What is the units digit of i?
4
Let h = -19 - -23. Let f(a) = 3*a**2 + 6*a - 5. Let d(z) = -4*z**2 - 6*z + 5. Let r(j) = 4*d(j) + 5*f(j). What is the units digit of r(h)?
3
Suppose 0 = -2*w + 5*l - 28, -4*l + 17 + 15 = -4*w. Let p be (-45)/18*w/5. What is the tens digit of (6 - -15) + 4/p?
2
Let b(u) = -2*u**3 + 30*u**2 - 22*u - 6. What is the units digit of b(9)?
8
Suppose -20 = -v - 3*v. Suppose 4*f + 4*c - 5*c + 26 = 0, -26 = v*f + 2*c. What is the units digit of f/27 + 1520/36?
2
Suppose -4 = 4*a + 4, -4*v + 5*a = -6. Let u be ((-7)/(-14))/(v/38). Let g = u - -53. What is the tens digit of g?
3
Let u = -62 - -140. Suppose -3*b - 3*f + u = 0, 128 = 5*b + 3*f - 0*f. Suppose -4*i + 21 = 2*r - 5, 4*i = r - b. What is the tens digit of r?
1
Let v(z) = z**3 - 15*z**2 + 16*z + 8. Suppose 3*n + 2*u = 7*n - 18, -5*u = 3*n + 19. Let f(i) = i**3 + i**2 + i. Let q be f(n). What is the units digit of v(q)?
6
Let a(f) = f**2 - 8*f. Let m be a(9). Suppose -2*p + m = p. Suppose -2*t + 4*y = -p - 11, -17 = -2*t + 3*y. What is the tens digit of t?
1
Suppose 3*t + 6 = -2*h - 0*t, -5*h + 2*t + 23 = 0. Suppose -h*v = -l - 11, 2*v = -v + 5*l + 7. What is the units digit of (v/(-6))/((-10)/195)?
3
Suppose 4*n - 6061 = 4*y - 5*y, -3*n + 4557 = -3*y. What is the thousands digit of n?
1
Let h(g) = 24*g + 12. What is the tens digit of h(3)?
8
Suppose 4*j + 52 = 4*m, 4*m + 5*j + 2 = 45. Suppose -2*f = -0*f - 5*g - m, -3*f + 13 = -5*g. What is the tens digit of 23/(f*(-1 + 2))?
2
Suppose 5*b = 1214 - 194. What is the tens digit of b?
0
Let z = -9 - -13. Suppose 0 = -5*h + r - 0*r - 19, 0 = z*h + r + 17. What is the tens digit of ((-90)/h)/((-15)/(-20))?
3
What is the units digit of 13/(455/(-20))*-7721?
2
Suppose 2*r - 8387 = 3*y, 2*r + 6*y = 2*y + 8380. What is the hundreds digit of r?
1
Let m(f) = -f**3 - 6*f**2 + 16*f - 11. Let c be m(-10). Let l = 359 - c. What is the units digit of l?
0
Let y = 307 + 473. Suppose 3*v + 4*b = y, 4*v + 0*v + b = 1053. What is the units digit of v?
4
Let l(q) = 9*q + 1. Let r(c) = c + 2. Let v(g) = l(g) - 6*r(g). Let j = 1 - -7. What is the units digit of v(j)?
3
Let l = 430 + -258. Let r = l - 98. What is the units digit of r?
4
What is the hundreds digit of 1791/6 + (-8)/(-16)?
2
What is the units digit of (-1)/(-6) - (-1)/((-42)/(-3983))?
5
Suppose -3*b + 4*r + 88 = 0, -52 = -2*b + 2*r + 2*r. What is the units digit of b?
6
Suppose -2*b + o + 34 = -3*o, -3*b + 6 = 3*o. Suppose -4*v + i + 62 = 0, -30 = 5*v - b*v + i. What is the units digit of v?
6
Suppose -3*y + 19*y - 48 = 0. What is the units digit of y?
3
Let v be 23/((-15)/(-6) - 2). Let r = 144 - v. Let d = -66 + r. What is the tens digit of d?
3
Let f = 285 + -175. Let j = -58 + f. What is the tens digit of j?
5
Let v(q) = 4*q**2 + 13*q - 3. Let l(k) = 3 + 0 - 13*k + 14*k**2 - 17*k**2. Let d(h) = -5*l(h) - 4*v(h). What is the units digit of d(4)?
3
Let g = 64 - 60. What is the hundreds digit of 6/12 + 402/g?
1
Let v(l) be the first derivative of 7*l**4/4 - l**3/3 + 2*l + 1. Let r(n) = 21*n**3 - 4*n**2 + 7. Let j(m) = 2*r(m) - 7*v(m). What is the units digit of j(-1)?
6
Let i be 60 - (-2)/((-4)/6). Suppose -3*s = 3*u - 0*s + 81, -5*u - 3*s - 131 = 0. Let z = u + i. What is the tens digit of z?
3
Let b(z) = 2*z**2. Let v be b(-1). Suppose -3*x = -v*x + 77. Let h = -53 - x. What is the units digit of h?
4
Let a(w) = 2*w**2 + 23*w - 1. Let u be a(-17). Let x = 4 + u. What is the tens digit of x?
9
Let w = 1102 + 10. What is the tens digit of w?
1
Suppose 2*g = -2*w + 2370, 4*w - 3443 - 1297 = -3*g. What is the tens digit of w?
8
Let i(c) = -c**3 + 33*c**2 + 12*c - 93. What is the hundreds digit of i(33)?
3
Let d = 0 + 2. Let r be (-8)/(d/14*-2). What is the units digit of 3 - (-1 - r/2)?
8
Let r(j) = -13*j - 33. What is the tens digit of r(-8)?
7
Let h = -38 + 42. Suppose -n + 3*z - 107 = -3*n, n - h*z = 81. What is the units digit of n?
1
Let l(m) be the first derivative of -12*m**2 - 30*m + 27. What is the units digit of l(-5)?
0
Suppose 0 = -o + b + 2330, 0*o - 5*b = -2*o + 4651. What is the units digit of o?
3
Suppose -5*p + 37 = 12. Suppose -v + 4*v = -5*w + 491, -w + p*v = -115. What is the units digit of w?
0
Let g be (-8)/(-44) - (-260)/22. Let i = g - 18. What is the units digit of (4/i - -1)*6?
2
Let n(u) = 6*u**2 - 4 + 8 + 4 - 4*u**2 + 3*u. What is the tens digit of n(-8)?
1
Let q be 1146/54 - (-4)/(-18). Let x(d) = d**3 - 6*d**2 + 2*d. Let a be x(5). Let m = q - a. What is the units digit of m?
6
Suppose -13*w = -12*w - 104. Let u = 